-68
In base 13, what is -4 - -2?
-2
In base 15, what is -2 - 378?
-37a
In base 15, what is -3 - -1e?
1b
In base 11, what is -195 - -4?
-191
In base 15, what is -29 - 5?
-2e
In base 6, what is 4 - -320?
324
In base 7, what is -112 + -12?
-124
In base 16, what is c + 2?
e
In base 11, what is a3 + 5?
a8
In base 14, what is -1ab + -12?
-1bd
In base 5, what is -3 - -4?
1
In base 3, what is -10011 - 12?
-10100
In base 2, what is -10 - 100111110000?
-100111110010
In base 7, what is -163 + -3?
-166
In base 12, what is -14 + -4a?
-62
In base 13, what is -1 - 2a45?
-2a46
In base 15, what is 0 - de?
-de
In base 12, what is 7 - 158?
-151
In base 5, what is 1230 - 4?
1221
In base 8, what is -3650 - 4?
-3654
In base 6, what is -3 + 125?
122
In base 12, what is -1b60 + 0?
-1b60
In base 11, what is -2 - 64?
-66
In base 10, what is -28 + 174?
146
In base 16, what is 1fd + 6?
203
In base 16, what is -3 - -a?
7
In base 15, what is 75 - -13?
88
In base 12, what is -3 - 3b?
-42
In base 3, what is 0 + -1201022?
-1201022
In base 12, what is 13153 + 1?
13154
In base 5, what is -4441 - -202?
-4234
In base 7, what is -2545 - 4?
-2552
In base 5, what is -23141 - 1?
-23142
In base 5, what is 34311 - 3?
34303
In base 2, what is -1011100 + -1010000?
-10101100
In base 15, what is 1a1a + -2?
1a18
In base 8, what is 4 - 472?
-466
In base 13, what is 243 + 0?
243
In base 6, what is -1012 + 4?
-1004
In base 12, what is 5 + 140?
145
In base 15, what is -3 + -73e?
-742
In base 10, what is 0 - -82?
82
In base 10, what is 0 - -37?
37
In base 14, what is -1354 - 2?
-1356
In base 11, what is 2 + 5a8?
5aa
In base 9, what is -258 - -7?
-251
In base 8, what is 36 + -1025?
-767
In base 6, what is 224 + 23?
251
In base 11, what is -3 + 120?
118
In base 9, what is 747 - -4?
752
In base 15, what is 16a - 5?
165
In base 3, what is -112021 + -12?
-112110
In base 7, what is -53 - -5?
-45
In base 3, what is -202000111 - 2?
-202000120
In base 16, what is -2 + -59?
-5b
In base 12, what is -193 + 11?
-182
In base 10, what is 2 + 8?
10
In base 14, what is -b - -23?
16
In base 9, what is -156 - -186?
30
In base 15, what is -1e + -27?
-46
In base 2, what is 101 + -1011001?
-1010100
In base 7, what is -3 - 441?
-444
In base 13, what is 8 + 18a?
195
In base 8, what is 2 + -346?
-344
In base 7, what is -51 + 43?
-5
In base 3, what is -2 - 221?
-1000
In base 7, what is -13325 - 2?
-13330
In base 11, what is 2 + 125?
127
In base 9, what is -1401 - -3?
-1387
In base 5, what is 10 - -2031?
2041
In base 13, what is 3a9c + -2?
3a9a
In base 8, what is 144 + 34?
200
In base 8, what is 356 + 3?
361
In base 9, what is 3 - -100?
103
In base 15, what is 27d + 4?
282
In base 5, what is -300 - 4?
-304
In base 2, what is -11111011 + -10?
-11111101
In base 10, what is 30 - -5?
35
In base 12, what is -2692a + 5?
-26925
In base 8, what is 26314 - -2?
26316
In base 8, what is 3 - 137?
-134
In base 10, what is 153 - 1?
152
In base 13, what is -5 - 111?
-116
In base 4, what is -21223 - -32?
-21131
In base 8, what is 130 - 17?
111
In base 3, what is -10 + 1010?
1000
In base 9, what is -23 + 16?
-6
In base 5, what is 2000 + 124?
2124
In base 4, what is -2033 - -11?
-2022
In base 14, what is -9d + 33?
-6a
In base 5, what is -10 - 203?
-213
In base 11, what is -2 - -51?
4a
In base 9, what is -4 - -631?
626
In base 11, what is a625 - -4?
a629
In base 10, what is 8 + 24?
32
In base 16, what is -1d - 3b?
-58
In base 12, what is 0 - 9?
-9
In base 4, what is -2 + 312331?
312323
In base 3, what is -2201201 + 20?
-2201111
In base 15, what is -30 + 1b?
-14
In base 5, what is 10 - 30?
-20
In base 4, what is -2 + -331?
-333
In base 11, what is 2 - 12a?
-128
In base 12, what is -33b - -1?
-33a
In base 11, what is 4 - -93?
97
In base 6, what is 10532 + -1?
10531
In base 2, what is -1010 + -11100111001?
-11101000011
In base 5, what is 24 + -1421?
-1342
In base 9, what is -137475 + 2?
-137473
In base 12, what is 58 - 1?
57
In base 15, what is -4 + -11?
-15
In base 16, what is -11 - -c?
-5
In base 7, what is -5 + -12?
-20
In base 7, what is -160 + -5?
-165
In base 10, what is 322 - 1?
321
In base 9, what is -575 - -3?
-572
In base 9, what is -335 - -4?
-331
In base 9, what is -1 + 35?
34
In base 4, what is -11 + 13223?
13212
In base 5, what is -21 + -1110?
-1131
In base 13, what is -8 - 2b?
-36
In base 3, what is -12 + 112?
100
In base 15, what is -1 - 48?
-49
In base 14, what is 4 + -42?
-3c
In base 7, what is 5 - 4?
1
In base 11, what is -8065 + 4?
-8061
In base 14, what is 3 + -17cb?
-17c8
In base 3, what is -1011012 + 2?
-1011010
In base 3, what is -1202 - -101?
-1101
In base 14, what is c09 + -1?
c08
In base 12, what is aa - -34?
122
In base 11, what is 282 - -5?
287
In base 15, what is -5 - b?
-11
In base 7, what is -2342 + 21?
-2321
In base 13, what is -1 - 184?
-185
In base 10, what is 2028 - -7?
2035
In base 12, what is -22 + -2a8?
-30a
In base 10, what is 0 - -661?
661
In base 4, what is -11 + -2133?
-2210
